{"id":3401,"date":"2023-01-26T12:07:36","date_gmt":"2023-01-26T12:07:36","guid":{"rendered":"http:\/\/buscoempleo.cepymearagon.es\/?page_id=3401"},"modified":"2023-10-03T06:22:05","modified_gmt":"2023-10-03T06:22:05","slug":"pimei-2","status":"publish","type":"page","link":"https:\/\/buscoempleo.cepymearagon.es\/index.php\/pimei-2\/","title":{"rendered":"PIMEI 2022"},"content":{"rendered":"<p>[vc_row row_type=\u00bbparallax\u00bb parallax_content_width=\u00bbfull_width\u00bb text_align=\u00bbleft\u00bb background_image=\u00bb3451&#8243; full_screen_section_height=\u00bbyes\u00bb][vc_column][icons icon=\u00bbfa-home\u00bb size=\u00bbfa-3x\u00bb type=\u00bbcircle\u00bb position=\u00bbleft\u00bb link=\u00bbhttps:\/\/buscoempleo.cepymearagon.es\u00bb target=\u00bb_self\u00bb icon_color=\u00bb#144733&#8243; icon_hover_color=\u00bb#ffffff\u00bb background_color=\u00bb#ffffff\u00bb hover_background_color=\u00bb#ff5353&#8243; margin=\u00bb50&#8243;][vc_empty_space height=\u00bb750px\u00bb][\/vc_column][\/vc_row][vc_row css_animation=\u00bb\u00bb row_type=\u00bbrow\u00bb use_row_as_full_screen_section=\u00bbno\u00bb type=\u00bbgrid\u00bb angled_section=\u00bbno\u00bb text_align=\u00bbleft\u00bb background_image_as_pattern=\u00bbwithout_pattern\u00bb z_index=\u00bb\u00bb][vc_column][custom_font font_family=\u00bbRoboto Mono Perfection\u00bb font_size=\u00bb40&#8243; line_height=\u00bb40&#8243; font_style=\u00bbnormal\u00bb text_align=\u00bbcenter\u00bb font_weight=\u00bb900&#8243; text_decoration=\u00bbnone\u00bb text_shadow=\u00bbyes\u00bb padding=\u00bb100&#8243; color=\u00bb#144733&#8243;]<\/p>\n<h1 style=\"text-align: left;\"><span style=\"color: #144733;\">PIMEI<\/span><\/h1>\n<p>[\/custom_font][custom_font font_family=\u00bbRoboto Mono Perfection\u00bb font_size=\u00bb35&#8243; line_height=\u00bb30&#8243; font_style=\u00bbnormal\u00bb text_align=\u00bbleft\u00bb font_weight=\u00bb900&#8243; text_decoration=\u00bbnone\u00bb text_shadow=\u00bbyes\u00bb padding=\u00bb100&#8243; color=\u00bb#144733&#8243;]<\/p>\n<h2 class=\"blockquote-text\"><span style=\"color: #144733;\">PROGRAMA INTEGRAL PARA LA MEJORA DE LA EMPLEABILIDAD Y LA INSERCI\u00d3N<\/span><\/h2>\n<p>[\/custom_font][vc_column_text]Programa gratuito financiado por el Ministerio de Trabajo y Econom\u00eda Social, a trav\u00e9s del Instituto Aragon\u00e9s de Empleo.[\/vc_column_text][vc_separator type=\u00bbnormal\u00bb color=\u00bb#144733&#8243;][vc_empty_space height=\u00bb40px\u00bb][vc_row_inner row_type=\u00bbrow\u00bb type=\u00bbfull_width\u00bb text_align=\u00bbleft\u00bb css_animation=\u00bb\u00bb][vc_column_inner width=\u00bb3\/5&#8243;][vc_column_text]<\/p>\n<p style=\"font-size: 18px;\">Si resides en Zaragoza y est\u00e1s buscando trabajo, CEPYME te puede ayudar en tu prop\u00f3sito a trav\u00e9s del programa <strong>\u201cPIMEI\u201d en colaboraci\u00f3n con INAEM<\/strong>.<\/p>\n<p>[\/vc_column_text][vc_empty_space height=\u00bb30px\u00bb][custom_font font_family=\u00bbRoboto Mono Perfection\u00bb font_size=\u00bb30&#8243; line_height=\u00bb70&#8243; font_style=\u00bbnormal\u00bb text_align=\u00bbleft\u00bb font_weight=\u00bb900&#8243; text_decoration=\u00bbnone\u00bb text_shadow=\u00bbyes\u00bb padding=\u00bb100&#8243; color=\u00bb#144733&#8243;]\u00bfQui\u00e9n puede participar?[\/custom_font][vc_column_text]<\/p>\n<p style=\"font-size: 18px;\"><strong>Personas j\u00f3venes de 16 a 29 a\u00f1os<\/strong> (ambos inclusive) inscritas como demandantes de empleo.<\/p>\n<p style=\"font-size: 18px;\"><strong>Personas de 30 a 44 a\u00f1os<\/strong> (ambos inclusive) inscritas como demandantes de empleo desempleadas durante un mes ininterrumpido.<\/p>\n<p style=\"font-size: 18px;\"><strong>Personas de 45 a\u00f1os o m\u00e1s<\/strong>, inscritas como demandantes de empleo.<\/p>\n<p>[\/vc_column_text][vc_empty_space height=\u00bb30px\u00bb][custom_font font_family=\u00bbRoboto Mono Perfection\u00bb font_size=\u00bb30&#8243; line_height=\u00bb70&#8243; font_style=\u00bbnormal\u00bb text_align=\u00bbleft\u00bb font_weight=\u00bb900&#8243; text_decoration=\u00bbnone\u00bb text_shadow=\u00bbyes\u00bb padding=\u00bb100&#8243; color=\u00bb#144733&#8243;]<strong>\u00bfC\u00f3mo te ayudamos?<\/strong>[\/custom_font][vc_column_text]<\/p>\n<ul>\n<li style=\"font-size: 18px;\">Analizamos tu perfil profesional, dise\u00f1ando un itinerario de inserci\u00f3n adaptado a tus necesidades y preferencias laborales y formativas.<\/li>\n<li style=\"font-size: 18px;\">Tendr\u00e1s un servicio gratuito de tutor\u00edas y talleres personalizadas para ayudarte en tu b\u00fasqueda de empleo.<\/li>\n<li style=\"font-size: 18px;\">Te asesoraremos sobre c\u00f3mo utilizar herramientas y recursos para buscar empleo, superar con \u00e9xito procesos de selecci\u00f3n, mejorar tus competencias digitales, el mercado de trabajo y entorno productivo, habilidades personales necesarias en el mundo laboral y oferta formativa. Seg\u00fan las necesidades detectadas y el itinerario de empleo definido.<\/li>\n<li style=\"font-size: 18px;\">Captaci\u00f3n y gesti\u00f3n de ofertas de empleo acordes a tu perfil profesional.<\/li>\n<li style=\"font-size: 18px;\">Acompa\u00f1amiento y seguimiento continuo durante todo el programa.<\/li>\n<\/ul>\n<p style=\"font-size: 18px;\">Estos servicios se ofrecer\u00e1n a lo largo de toda la duraci\u00f3n del Programa y se realizar\u00e1n a trav\u00e9s de sesiones grupales e individuales de manera presencial o telem\u00e1tica.<\/p>\n<p>[\/vc_column_text][vc_empty_space height=\u00bb30px\u00bb][custom_font font_family=\u00bbRoboto Mono Perfection\u00bb font_size=\u00bb30&#8243; line_height=\u00bb70&#8243; font_style=\u00bbnormal\u00bb text_align=\u00bbleft\u00bb font_weight=\u00bb900&#8243; text_decoration=\u00bbnone\u00bb text_shadow=\u00bbyes\u00bb padding=\u00bb100&#8243; color=\u00bb#144733&#8243;]<strong>Contacto<\/strong>[\/custom_font][vc_column_text]<\/p>\n<p style=\"font-size: 18px;\"><strong>\u00a1No te quedes esperando y da el primer paso!<\/strong><\/p>\n<p style=\"font-size: 18px;\">Ll\u00e1manos al tel\u00e9fono <strong>976 76 60 60<\/strong>, m\u00e1ndanos un WhatsApp al <strong>606 708 156<\/strong> o rellena este formulario y te contaremos c\u00f3mo participar.<\/p>\n<p>[\/vc_column_text][vc_empty_space height=\u00bb40px\u00bb][custom_font font_family=\u00bbRoboto Mono Perfection\u00bb font_size=\u00bb30&#8243; line_height=\u00bb70&#8243; font_style=\u00bbnormal\u00bb text_align=\u00bbcenter\u00bb font_weight=\u00bb900&#8243; text_decoration=\u00bbnone\u00bb text_shadow=\u00bbyes\u00bb padding=\u00bb100&#8243; color=\u00bb#144733&#8243;]\u00a1\u00a1\u00a1An\u00edmate!!! Te estamos esperando[\/custom_font][\/vc_column_inner][vc_column_inner width=\u00bb2\/5&#8243; css=\u00bb.vc_custom_1674733640331{background-color: #144733 !important;}\u00bb][custom_font font_family=\u00bbRoboto Mono Perfection\u00bb font_size=\u00bb35&#8243; line_height=\u00bb60&#8243; font_style=\u00bbnormal\u00bb text_align=\u00bbcenter\u00bb font_weight=\u00bb900&#8243; text_decoration=\u00bbnone\u00bb text_shadow=\u00bbyes\u00bb padding=\u00bb100&#8243; color=\u00bb#ffffff\u00bb]INSCRIPCIONES[\/custom_font][vc_empty_space height=\u00bb30px\u00bb][vc_text_separator title=\u00bbINSCRIPCIONES CERRADAS\u00bb border=\u00bbno\u00bb background_color=\u00bb#bababa\u00bb title_color=\u00bb#ffffff\u00bb][vc_empty_space height=\u00bb20px\u00bb][vc_column_text]<span style=\"color: #ffffff;\"><strong>DATOS DE CAR\u00c1CTER PERSONAL<br \/>\n<\/strong><strong>RESPONSABLE:<\/strong>\u00a0CEPYME Arag\u00f3n.<\/span><br \/>\n<span style=\"color: #ffffff;\">Direcci\u00f3n postal: Pza Roma, F1 oficinas, 2\u00aa planta (50010 \u2013 ZARAGOZA).<\/span><br \/>\n<span style=\"color: #ffffff;\">Tel\u00e9fono: 976766060.<\/span><br \/>\n<span style=\"color: #ffffff;\">Correo electr\u00f3nico:\u00a0<a class=\"textosmini\" style=\"color: #ffffff;\" href=\"mailto:cepyme@cepymearagon.es\">cepyme@cepymearagon.es<br \/>\n<\/a><strong>En nombre CEPYME Arag\u00f3n tratamos la informaci\u00f3n que nos facilita con el fin de prestarles el servicio solicitado e informarles sobre el mismo y realizar, en su caso, la facturaci\u00f3n. Los datos proporcionados se conservar\u00e1n mientras se mantenga la relaci\u00f3n de servicio o comercial, o durante los a\u00f1os necesarios para cumplir con las obligaciones legales. Los datos no se ceder\u00e1n a terceros salvo en los casos en que exista una obligaci\u00f3n legal. Usted tiene derecho a obtener confirmaci\u00f3n sobre si en CEPYME Arag\u00f3n estamos tratando sus datos personales, por tanto tiene derecho a acceder a sus datos personales, rectificar los datos inexactos o solicitar su supresi\u00f3n cuando los datos ya no sean necesarios.<br \/>\n<\/strong><strong>DERECHOS:<\/strong>\u00a0Puede ejercer su derecho de acceso, rectificaci\u00f3n, supresi\u00f3n, portabilidad de sus datos y la limitaci\u00f3n u oposici\u00f3n mediante escrito en la direcci\u00f3n del responsable arriba referenciada, dirigida al Departamento Jur\u00eddico.<\/span><br \/>\n<span style=\"color: #ffffff;\"><strong><a class=\"textosmini\" style=\"color: #ffffff;\" href=\"http:\/\/www.cepymearagon.es\/?page_id=164\" target=\"_blank\" rel=\"noopener noreferrer\"><em>M\u00e1s informaci\u00f3n.<\/em><\/a><\/strong><\/span>[\/vc_column_text][vc_empty_space height=\u00bb20px\u00bb][\/vc_column_inner][\/vc_row_inner][vc_row_inner row_type=\u00bbrow\u00bb type=\u00bbfull_width\u00bb text_align=\u00bbleft\u00bb css_animation=\u00bb\u00bb][vc_column_inner][vc_empty_space height=\u00bb40px\u00bb][vc_separator type=\u00bbnormal\u00bb color=\u00bb#144733&#8243;][vc_column_text]<\/p>\n<p style=\"font-size: 12px;\"><strong>DATOS DE CAR\u00c1CTER PERSONAL<br \/>\n<\/strong><strong>RESPONSABLE:<\/strong> CEPYME Arag\u00f3n. Direcci\u00f3n postal: Pza Roma, F1 oficinas, 2\u00aa planta (50010 \u2013 ZARAGOZA). Tel\u00e9fono: 976766060. Correo electr\u00f3nico:\u00a0<a class=\"textosmini\" href=\"mailto:cepyme@cepymearagon.es\">cepyme@cepymearagon.es<\/a><br \/>\n<strong>En nombre CEPYME Arag\u00f3n tratamos la informaci\u00f3n que nos facilita con el fin de prestarles el servicio solicitado e informarles sobre el mismo y realizar, en su caso, la facturaci\u00f3n. Los datos proporcionados se conservar\u00e1n mientras se mantenga la relaci\u00f3n de servicio o comercial, o durante los a\u00f1os necesarios para cumplir con las obligaciones legales. Los datos no se ceder\u00e1n a terceros salvo en los casos en que exista una obligaci\u00f3n legal. Usted tiene derecho a obtener confirmaci\u00f3n sobre si en CEPYME Arag\u00f3n estamos tratando sus datos personales, por tanto tiene derecho a acceder a sus datos personales, rectificar los datos inexactos o solicitar su supresi\u00f3n cuando los datos ya no sean necesarios.<br \/>\n<\/strong><strong>DERECHOS:<\/strong>\u00a0Puede ejercer su derecho de acceso, rectificaci\u00f3n, supresi\u00f3n, portabilidad de sus datos y la limitaci\u00f3n u oposici\u00f3n mediante escrito en la direcci\u00f3n del responsable arriba referenciada, dirigida al Departamento Jur\u00eddico.<br \/>\n<strong><a class=\"textosmini\" href=\"http:\/\/www.cepymearagon.es\/?page_id=164\" target=\"_blank\" rel=\"noopener noreferrer\"><em>M\u00e1s informaci\u00f3n.<\/em><\/a><\/strong><\/p>\n<p>[\/vc_column_text][\/vc_column_inner][\/vc_row_inner][\/vc_column][\/vc_row][vc_row css_animation=\u00bb\u00bb row_type=\u00bbrow\u00bb use_row_as_full_screen_section=\u00bbno\u00bb type=\u00bbfull_width\u00bb angled_section=\u00bbno\u00bb text_align=\u00bbleft\u00bb background_image_as_pattern=\u00bbwithout_pattern\u00bb][vc_column][vc_empty_space height=\u00bb20px\u00bb][vc_raw_html css=\u00bb.vc_custom_1674734827655{background-color: #144733 !important;}\u00bb]JTNDYmxvY2txdW90ZSUzRSUzQ3AlMjBhbGlnbiUzRCUyMmNlbnRlciUyMiUyMHN0eWxlJTNEJTIyY29sb3IlM0ElMjNmZmZmZmYlMjIlM0UlM0NCJTNFQ0VQWU1FJTIwQXJhZyVDMyVCM24lM0MlMkZCJTNFJTIwLSUyMCUwQVBsYXphJTIwUm9tYSUyMEYtMSUyMCUyOG9maWNpbmFzJTI5JTIwMiVDMiVBQSUyMFBsYW50YS4lMjA1MDAxMCUyMC0lMjBaYXJhZ296YSUyNm5ic3AlM0IlMjZuYnNwJTNCJTNDYSUyMGhyZWYlM0QlMjJodHRwcyUzQSUyRiUyRnR3aXR0ZXIuY29tJTJGJTQwY2VweW1lYXJhZ29uJTIyJTNFJTNDaW1nJTIwaWQlM0QlMjJfeDAwMDBfaTEwMjUlMjIlMjBzcmMlM0QlMjJodHRwJTNBJTJGJTJGYnVzY29lbXBsZW8uY2VweW1lYXJhZ29uLmVzJTJGd3AtY29udGVudCUyRnVwbG9hZHMlMkYyMDIwJTJGMDElMkZSU19UV19CbGFuY28ucG5nJTIyJTIwd2lkdGglM0QlMjI0MCUyMiUyMGJvcmRlciUzRCUyMjAlMjIlMjB2YWxpZ24lM0QlMjJib3R0b20lMjIlM0UlM0MlMkZhJTNFJTI2bmJzcCUzQiUyNm5ic3AlM0IlMjZuYnNwJTNCJTBBJTNDYSUyMGhyZWYlM0QlMjJodHRwcyUzQSUyRiUyRnd3dy5mYWNlYm9vay5jb20lMkZDZXB5bWVBcmFnb24lMjIlM0UlM0NpbWclMjBpZCUzRCUyMl94MDAwMF9pMTAyNiUyMiUyMHNyYyUzRCUyMmh0dHAlM0ElMkYlMkZidXNjb2VtcGxlby5jZXB5bWVhcmFnb24uZXMlMkZ3cC1jb250ZW50JTJGdXBsb2FkcyUyRjIwMjAlMkYwMSUyRlJTX0ZCX0JsYW5jby5wbmclMjIlMjB3aWR0aCUzRCUyMjIwJTIyJTIwYm9yZGVyJTNEJTIyMCUyMiUyMHZhbGlnbiUzRCUyMmJvdHRvbSUyMiUzRSUzQyUyRmElM0UlMjZuYnNwJTNCJTI2bmJzcCUzQiUyNm5ic3AlM0IlMEElM0NhJTIwaHJlZiUzRCUyMmh0dHBzJTNBJTJGJTJGd3d3Lmluc3RhZ3JhbS5jb20lMkZjZXB5bWVhcmFnb24lMjIlM0UlM0NpbWclMjBpZCUzRCUyMl94MDAwMF9pMTAyNyUyMiUyMHNyYyUzRCUyMmh0dHAlM0ElMkYlMkZidXNjb2VtcGxlby5jZXB5bWVhcmFnb24uZXMlMkZ3cC1jb250ZW50JTJGdXBsb2FkcyUyRjIwMjAlMkYwMSUyRlJTX0lHX0JsYW5jby5wbmclMjIlMjB3aWR0aCUzRCUyMjM1JTIyJTIwYm9yZGVyJTNEJTIyMCUyMiUyMHZhbGlnbiUzRCUyMmJvdHRvbSUyMiUzRSUzQyUyRmElM0UlMjZuYnNwJTNCJTI2bmJzcCUzQiUwQSUzQ2ElMjBocmVmJTNEJTIyaHR0cHMlM0ElMkYlMkZ3d3cubGlua2VkaW4uY29tJTJGY29tcGFueSUyRmNvbmZlZGVyYWNpb24tcGVxdWUtYS15LW1lZGlhbmEtZW1wcmVzYS1hcmFnb25lc2ElMjIlM0UlM0NpbWclMjBpZCUzRCUyMl94MDAwMF9pMTAyNyUyMiUyMHNyYyUzRCUyMmh0dHAlM0ElMkYlMkZidXNjb2VtcGxlby5jZXB5bWVhcmFnb24uZXMlMkZ3cC1jb250ZW50JTJGdXBsb2FkcyUyRjIwMjAlMkYwMSUyRlJTX0lOX0JsYW5jby5wbmclMjIlMjB3aWR0aCUzRCUyMjM4JTIyJTIwYm9yZGVyJTNEJTIyMCUyMiUyMHZhbGlnbiUzRCUyMnRvcCUyMiUzRSUzQyUyRmElM0UlM0MlMkZwJTNFJTBBJTNDJTJGYmxvY2txdW90ZSUzRSUwQQ==[\/vc_raw_html][\/vc_column][\/vc_row]<\/p>\n","protected":false},"excerpt":{"rendered":"<p>[vc_row row_type=\u00bbparallax\u00bb parallax_content_width=\u00bbfull_width\u00bb text_align=\u00bbleft\u00bb background_image=\u00bb3451&#8243; full_screen_section_height=\u00bbyes\u00bb][vc_column][icons icon=\u00bbfa-home\u00bb size=\u00bbfa-3x\u00bb type=\u00bbcircle\u00bb position=\u00bbleft\u00bb link=\u00bbhttps:\/\/buscoempleo.cepymearagon.es\u00bb target=\u00bb_self\u00bb icon_color=\u00bb#144733&#8243; icon_hover_color=\u00bb#ffffff\u00bb background_color=\u00bb#ffffff\u00bb hover_background_color=\u00bb#ff5353&#8243; margin=\u00bb50&#8243;][vc_empty_space height=\u00bb750px\u00bb][\/vc_column][\/vc_row][vc_row css_animation=\u00bb\u00bb row_type=\u00bbrow\u00bb use_row_as_full_screen_section=\u00bbno\u00bb type=\u00bbgrid\u00bb angled_section=\u00bbno\u00bb text_align=\u00bbleft\u00bb background_image_as_pattern=\u00bbwithout_pattern\u00bb z_index=\u00bb\u00bb][vc_column][custom_font font_family=\u00bbRoboto Mono Perfection\u00bb font_size=\u00bb40&#8243; line_height=\u00bb40&#8243; font_style=\u00bbnormal\u00bb text_align=\u00bbcenter\u00bb font_weight=\u00bb900&#8243; text_decoration=\u00bbnone\u00bb text_shadow=\u00bbyes\u00bb padding=\u00bb100&#8243; color=\u00bb#144733&#8243;] PIMEI [\/custom_font][custom_font font_family=\u00bbRoboto Mono Perfection\u00bb font_size=\u00bb35&#8243; line_height=\u00bb30&#8243; font_style=\u00bbnormal\u00bb text_align=\u00bbleft\u00bb font_weight=\u00bb900&#8243; text_decoration=\u00bbnone\u00bb text_shadow=\u00bbyes\u00bb padding=\u00bb100&#8243; color=\u00bb#144733&#8243;] PROGRAMA INTEGRAL PARA [&hellip;]<\/p>\n","protected":false},"author":1,"featured_media":3403,"parent":0,"menu_order":0,"comment_status":"closed","ping_status":"closed","template":"landing_page.php","meta":{"footnotes":""},"class_list":["post-3401","page","type-page","status-publish","has-post-thumbnail","hentry"],"jetpack_sharing_enabled":true,"_links":{"self":[{"href":"https:\/\/buscoempleo.cepymearagon.es\/index.php\/wp-json\/wp\/v2\/pages\/3401","targetHints":{"allow":["GET"]}}],"collection":[{"href":"https:\/\/buscoempleo.cepymearagon.es\/index.php\/wp-json\/wp\/v2\/pages"}],"about":[{"href":"https:\/\/buscoempleo.cepymearagon.es\/index.php\/wp-json\/wp\/v2\/types\/page"}],"author":[{"embeddable":true,"href":"https:\/\/buscoempleo.cepymearagon.es\/index.php\/wp-json\/wp\/v2\/users\/1"}],"replies":[{"embeddable":true,"href":"https:\/\/buscoempleo.cepymearagon.es\/index.php\/wp-json\/wp\/v2\/comments?post=3401"}],"version-history":[{"count":60,"href":"https:\/\/buscoempleo.cepymearagon.es\/index.php\/wp-json\/wp\/v2\/pages\/3401\/revisions"}],"predecessor-version":[{"id":3435,"href":"https:\/\/buscoempleo.cepymearagon.es\/index.php\/wp-json\/wp\/v2\/pages\/3401\/revisions\/3435"}],"wp:featuredmedia":[{"embeddable":true,"href":"https:\/\/buscoempleo.cepymearagon.es\/index.php\/wp-json\/wp\/v2\/media\/3403"}],"wp:attachment":[{"href":"https:\/\/buscoempleo.cepymearagon.es\/index.php\/wp-json\/wp\/v2\/media?parent=3401"}],"curies":[{"name":"wp","href":"https:\/\/api.w.org\/{rel}","templated":true}]}}