{"id":820,"date":"2021-05-28T12:46:25","date_gmt":"2021-05-28T12:46:25","guid":{"rendered":"http:\/\/buscoempleo.cepymearagon.es\/?page_id=820"},"modified":"2023-03-24T13:27:30","modified_gmt":"2023-03-24T13:27:30","slug":"acreditacionexperiencia","status":"publish","type":"page","link":"https:\/\/buscoempleo.cepymearagon.es\/index.php\/acreditacionexperiencia\/","title":{"rendered":"ACREDITACI\u00d3N DE LA EXPERIENCIA LABORAL"},"content":{"rendered":"<p>[vc_row row_type=\u00bbparallax\u00bb parallax_content_width=\u00bbfull_width\u00bb text_align=\u00bbleft\u00bb background_image=\u00bb823&#8243; full_screen_section_height=\u00bbno\u00bb][vc_column][icons icon=\u00bbfa-home\u00bb size=\u00bbfa-3x\u00bb type=\u00bbcircle\u00bb position=\u00bbleft\u00bb link=\u00bbhttps:\/\/buscoempleo.cepymearagon.es\u00bb target=\u00bb_self\u00bb icon_color=\u00bb#366079&#8243; icon_hover_color=\u00bb#ffffff\u00bb background_color=\u00bb#ffffff\u00bb hover_background_color=\u00bb#1e73be\u00bb margin=\u00bb50&#8243;][vc_empty_space height=\u00bb120px\u00bb][vc_empty_space height=\u00bb120px\u00bb][vc_row_inner row_type=\u00bbrow\u00bb type=\u00bbgrid\u00bb text_align=\u00bbleft\u00bb css_animation=\u00bb\u00bb][vc_column_inner][vc_empty_space height=\u00bb400px\u00bb][\/vc_column_inner][\/vc_row_inner][\/vc_column][\/vc_row][vc_row css_animation=\u00bb\u00bb row_type=\u00bbrow\u00bb use_row_as_full_screen_section=\u00bbno\u00bb type=\u00bbgrid\u00bb angled_section=\u00bbno\u00bb text_align=\u00bbleft\u00bb background_image_as_pattern=\u00bbwithout_pattern\u00bb z_index=\u00bb\u00bb][vc_column][vc_empty_space height=\u00bb40px\u00bb][custom_font font_family=\u00bbRoboto Mono Perfection\u00bb font_size=\u00bb40&#8243; line_height=\u00bb40&#8243; font_style=\u00bbnormal\u00bb text_align=\u00bbleft\u00bb font_weight=\u00bb900&#8243; text_decoration=\u00bbnone\u00bb text_shadow=\u00bbyes\u00bb padding=\u00bb100&#8243; color=\u00bb#366079&#8243;]CEPYME Arag\u00f3n colabora a trav\u00e9s de un convenio con la Agencia de la Cualificaciones Profesionales de Arag\u00f3n en la difusi\u00f3n e informaci\u00f3n del procedimiento de evaluaci\u00f3n y acreditaci\u00f3n de competencias profesionales. (PEAC)[\/custom_font][vc_separator type=\u00bbnormal\u00bb color=\u00bb#f8ac00&#8243; thickness=\u00bb2&#8243;][vc_empty_space height=\u00bb40px\u00bb][custom_font font_family=\u00bbRoboto Mono Perfection\u00bb font_size=\u00bb30&#8243; line_height=\u00bb40&#8243; font_style=\u00bbnormal\u00bb text_align=\u00bbleft\u00bb font_weight=\u00bb900&#8243; text_decoration=\u00bbnone\u00bb text_shadow=\u00bbyes\u00bb padding=\u00bb100&#8243; color=\u00bb#366079&#8243;]<strong>PROCEDIMIENTO DE EVALUACI\u00d3N Y ACREDITACI\u00d3N DE COMPETENCIAS PROFESIONALES<\/strong>[\/custom_font][vc_column_text]El procedimiento de Evaluaci\u00f3n y Acreditaci\u00f3n de Competencias \u201cPEAC\u201d es una iniciativa a trav\u00e9s de la cual las personas trabajadoras pueden capitalizar la experiencia laboral y los aprendizajes no formales a efectos de que les sea reconocida su competencia profesional a trav\u00e9s de una acreditaci\u00f3n.[\/vc_column_text][vc_empty_space height=\u00bb40px\u00bb][vc_row_inner row_type=\u00bbrow\u00bb type=\u00bbfull_width\u00bb text_align=\u00bbleft\u00bb css_animation=\u00bb\u00bb][vc_column_inner width=\u00bb3\/5&#8243;][custom_font font_family=\u00bbRoboto Mono Perfection\u00bb font_size=\u00bb30&#8243; line_height=\u00bb70&#8243; font_style=\u00bbnormal\u00bb text_align=\u00bbleft\u00bb font_weight=\u00bb900&#8243; text_decoration=\u00bbnone\u00bb text_shadow=\u00bbyes\u00bb padding=\u00bb100&#8243; color=\u00bb#366079&#8243;]\u00bfQUI\u00c9N puede participar?[\/custom_font][vc_column_text]Personas con experiencia laboral y\/o formaci\u00f3n no formal relacionada con las competencias profesionales que se quieren acreditar.[\/vc_column_text][custom_font font_family=\u00bbRoboto Mono Perfection\u00bb font_size=\u00bb30&#8243; line_height=\u00bb70&#8243; font_style=\u00bbnormal\u00bb text_align=\u00bbleft\u00bb font_weight=\u00bb900&#8243; text_decoration=\u00bbnone\u00bb text_shadow=\u00bbyes\u00bb padding=\u00bb100&#8243; color=\u00bb#366079&#8243;]\u00bfCU\u00c1LES son los requisitos de acceso?[\/custom_font][vc_column_text]<\/p>\n<ul>\n<li>Nacionalidad espa\u00f1ola, o permiso de residencia o trabajo.<\/li>\n<li>20 a\u00f1os cumplidos (18 para unidades de cualificaci\u00f3n nivel I).<\/li>\n<li>Experiencia laboral y\/o formaci\u00f3n no formal relacionada con las cualificaciones profesionales que se quieran acreditar.\n<ul>\n<li>Experiencia laboral:<\/li>\n<\/ul>\n<\/li>\n<\/ul>\n<ul>\n<li style=\"list-style-type: none;\">\n<ul>\n<li style=\"list-style-type: none;\">\n<ul>\n<li>3 a\u00f1os de experiencia laboral relacionada con las competencias profesionales que se quieran acreditar, con un m\u00ednimo de 2.000 horas trabajadas en total, en los \u00faltimos 15 a\u00f1os.<\/li>\n<li>Para las unidades de competencia de nivel I, se requerir\u00e1n 2 a\u00f1os de experiencia laboral con un m\u00ednimo de 1.200 horas trabajadas, al menos en los \u00faltimos 15 a\u00f1os.<\/li>\n<\/ul>\n<\/li>\n<\/ul>\n<\/li>\n<\/ul>\n<ul>\n<li style=\"list-style-type: none;\">\n<ul>\n<li>Formaci\u00f3n:<\/li>\n<\/ul>\n<\/li>\n<\/ul>\n<ul>\n<li style=\"list-style-type: none;\">\n<ul>\n<li style=\"list-style-type: none;\">\n<ul>\n<li>300 horas en los \u00faltimos 10 a\u00f1os*, para cualificaciones de nivel II y II.<\/li>\n<li>200 horas en los \u00faltimos 10 a\u00f1os, para cualificaciones de nivel I.<br \/>\n* <em>Seg\u00fan normativa vigente<\/em><\/li>\n<\/ul>\n<\/li>\n<\/ul>\n<\/li>\n<\/ul>\n<p>[\/vc_column_text][custom_font font_family=\u00bbRoboto Mono Perfection\u00bb font_size=\u00bb30&#8243; line_height=\u00bb70&#8243; font_style=\u00bbnormal\u00bb text_align=\u00bbleft\u00bb font_weight=\u00bb900&#8243; text_decoration=\u00bbnone\u00bb text_shadow=\u00bbyes\u00bb padding=\u00bb100&#8243; color=\u00bb#366079&#8243;]\u00bfQU\u00c9 Documentaci\u00f3n hay que aportar?[\/custom_font][vc_column_text]<\/p>\n<ol>\n<li>Solicitud de INSCRIPCI\u00d3N en la aplicaci\u00f3n inform\u00e1tica.<\/li>\n<li>Historial profesional y formativo.<\/li>\n<li>Justificaci\u00f3n experiencia laboral:<\/li>\n<\/ol>\n<ul>\n<li style=\"list-style-type: none;\">\n<ul>\n<li>Personas trabajadoras asalariadas:\n<ul>\n<li>Certificaci\u00f3n de la vida laboral expedida por la Tesorer\u00eda General de la Seguridad Social. TGSS.<\/li>\n<li>Contrato de trabajo o certificado de empresa.<\/li>\n<\/ul>\n<\/li>\n<\/ul>\n<\/li>\n<\/ul>\n<ul>\n<li style=\"list-style-type: none;\">\n<ul>\n<li>Personas trabajadoras aut\u00f3nomas o por cuenta propia:<\/li>\n<\/ul>\n<\/li>\n<\/ul>\n<ul>\n<li style=\"list-style-type: none;\">\n<ul>\n<li style=\"list-style-type: none;\">\n<ul>\n<li>Certificado de la Tesorer\u00eda General de la Seguridad Social.<\/li>\n<li>Descripci\u00f3n de la actividad desarrollada e intervalo de tiempo.<\/li>\n<\/ul>\n<\/li>\n<\/ul>\n<\/li>\n<\/ul>\n<ul>\n<li style=\"list-style-type: none;\">\n<ul>\n<li>Personas trabajadoras voluntarias o becarias:\n<ul>\n<li>Certificado de la organizaci\u00f3n donde se haya prestado la asistencia.<\/li>\n<\/ul>\n<\/li>\n<\/ul>\n<\/li>\n<\/ul>\n<ol start=\"4\">\n<li>Justificaci\u00f3n formaci\u00f3n no formal: Fotocopia, por las dos caras, del certificado de cada una de la formaci\u00f3n indicada en el historial profesional y formativo.<\/li>\n<\/ol>\n<p>[\/vc_column_text][custom_font font_family=\u00bbRoboto Mono Perfection\u00bb font_size=\u00bb30&#8243; line_height=\u00bb70&#8243; font_style=\u00bbnormal\u00bb text_align=\u00bbleft\u00bb font_weight=\u00bb900&#8243; text_decoration=\u00bbnone\u00bb text_shadow=\u00bbyes\u00bb padding=\u00bb100&#8243; color=\u00bb#366079&#8243;]\u00bfQU\u00c9 Beneficios se obtienen?[\/custom_font][vc_column_text]<\/p>\n<ul>\n<li>Reconocer tu experiencia laboral y la formaci\u00f3n adquirida por v\u00edas no formales, mediante una acreditaci\u00f3n oficial con validez en todo el territorio del estado.<\/li>\n<li>Facilitar la obtenci\u00f3n de un certificado de profesionalidad o un t\u00edtulo de Formaci\u00f3n Profesional.<\/li>\n<li>Aumentar tus posibilidades de inserci\u00f3n laboral, si te encuentras en situaci\u00f3n de desempleo.<\/li>\n<\/ul>\n<p>[\/vc_column_text][custom_font font_family=\u00bbRoboto Mono Perfection\u00bb font_size=\u00bb30&#8243; line_height=\u00bb70&#8243; font_style=\u00bbnormal\u00bb text_align=\u00bbleft\u00bb font_weight=\u00bb900&#8243; text_decoration=\u00bbnone\u00bb text_shadow=\u00bbyes\u00bb padding=\u00bb100&#8243; color=\u00bb#366079&#8243;]\u00bfQU\u00c9 Servicios te ofrece CEPYME Arag\u00f3n?[\/custom_font][vc_column_text]<\/p>\n<ul>\n<li>Informaci\u00f3n y orientaci\u00f3n a las personas interesadas.<\/li>\n<li>Atenci\u00f3n personalizada de forma presencial o telem\u00e1tica.<\/li>\n<li>Ayuda en la realizaci\u00f3n de la inscripci\u00f3n en la convocatoria correspondiente.<\/li>\n<\/ul>\n<p>[\/vc_column_text][custom_font font_family=\u00bbRoboto Mono Perfection\u00bb font_size=\u00bb30&#8243; line_height=\u00bb70&#8243; font_style=\u00bbnormal\u00bb text_align=\u00bbleft\u00bb font_weight=\u00bb900&#8243; text_decoration=\u00bbnone\u00bb text_shadow=\u00bbyes\u00bb padding=\u00bb100&#8243; color=\u00bb#366079&#8243;]Consultas[\/custom_font][vc_column_text]Para cualquier duda o consulta, ponte en contacto con CEPYME Arag\u00f3n:<br \/>\n&#8211; A trav\u00e9s del tel\u00e9fono (<strong>976 76 60 60<\/strong>)<br \/>\n&#8211; Por email (<span style=\"color: #000000;\"><strong>peac@cepymearagon.es<\/strong><\/span>)[\/vc_column_text][vc_empty_space height=\u00bb40px\u00bb][\/vc_column_inner][vc_column_inner width=\u00bb2\/5&#8243; css=\u00bb.vc_custom_1623324055136{background-color: rgba(54,96,121,0.8) !important;*background-color: rgb(54,96,121) !important;}\u00bb][custom_font font_family=\u00bbRoboto Mono Perfection\u00bb font_size=\u00bb30&#8243; line_height=\u00bb70&#8243; font_style=\u00bbnormal\u00bb text_align=\u00bbleft\u00bb font_weight=\u00bb900&#8243; text_decoration=\u00bbnone\u00bb text_shadow=\u00bbyes\u00bb padding=\u00bb100&#8243; color=\u00bb#ffffff\u00bb]\u00bfQUIERES m\u00e1s informaci\u00f3n?[\/custom_font][vc_empty_space height=\u00bb30px\u00bb][vc_column_text]<span style=\"color: #ffffff;\">Si necesitas realizar alguna pregunta, puedes contactar a trav\u00e9s de nuestro formulario, y te contestaremos lo antes posible.<\/span>[\/vc_column_text][vc_empty_space height=\u00bb30px\u00bb][contact-form-7 id=\u00bb846&#8243; html_class=\u00bbcf7_custom_style_1&#8243;][vc_column_text]<span style=\"color: #ffffff;\"><strong>DATOS DE CAR\u00c1CTER PERSONAL<br \/>\n<\/strong><strong>RESPONSABLE:<\/strong>\u00a0CEPYME Arag\u00f3n.<\/span><br \/>\n<span style=\"color: #ffffff;\">Direcci\u00f3n postal: Pza Roma, F1 oficinas, 2\u00aa planta (50010 \u2013 ZARAGOZA).<\/span><br \/>\n<span style=\"color: #ffffff;\">Tel\u00e9fono: 976766060.<\/span><br \/>\n<span style=\"color: #ffffff;\">Correo electr\u00f3nico:\u00a0<a class=\"textosmini\" style=\"color: #ffffff;\" href=\"mailto:cepyme@cepymearagon.es\">cepyme@cepymearagon.es<br \/>\n<\/a><strong>En nombre CEPYME Arag\u00f3n tratamos la informaci\u00f3n que nos facilita con el fin de prestarles el servicio solicitado e informarles sobre el mismo y realizar, en su caso, la facturaci\u00f3n. Los datos proporcionados se conservar\u00e1n mientras se mantenga la relaci\u00f3n de servicio o comercial, o durante los a\u00f1os necesarios para cumplir con las obligaciones legales. Los datos no se ceder\u00e1n a terceros salvo en los casos en que exista una obligaci\u00f3n legal. Usted tiene derecho a obtener confirmaci\u00f3n sobre si en CEPYME Arag\u00f3n estamos tratando sus datos personales, por tanto tiene derecho a acceder a sus datos personales, rectificar los datos inexactos o solicitar su supresi\u00f3n cuando los datos ya no sean necesarios.<br \/>\n<\/strong><strong>DERECHOS:<\/strong>\u00a0Puede ejercer su derecho de acceso, rectificaci\u00f3n, supresi\u00f3n, portabilidad de sus datos y la limitaci\u00f3n u oposici\u00f3n mediante escrito en la direcci\u00f3n del responsable arriba referenciada, dirigida al Departamento Jur\u00eddico.<\/span><\/p>\n<p><span style=\"color: #ffffff;\"><strong><a class=\"textosmini\" style=\"color: #ffffff;\" href=\"http:\/\/www.cepymearagon.es\/?page_id=164\" target=\"_blank\" rel=\"noopener noreferrer\"><em>M\u00e1s informaci\u00f3n.<\/em><\/a><\/strong><\/span>[\/vc_column_text][vc_empty_space height=\u00bb20px\u00bb][vc_column_text css=\u00bb.vc_custom_1623324205564{padding-top: 20px !important;padding-bottom: 20px !important;}\u00bb]<\/p>\n<h2 style=\"text-align: center;\"><span style=\"color: #ffffff;\">\u00a1\u00a1\u00a1An\u00edmate!!! Te estamos esperando.<\/span><\/h2>\n<p>[\/vc_column_text][\/vc_column_inner][\/vc_row_inner][\/vc_column][\/vc_row][vc_row css_animation=\u00bb\u00bb row_type=\u00bbrow\u00bb use_row_as_full_screen_section=\u00bbno\u00bb type=\u00bbfull_width\u00bb angled_section=\u00bbno\u00bb text_align=\u00bbleft\u00bb background_image_as_pattern=\u00bbwithout_pattern\u00bb background_color=\u00bb#f8ac00&#8243; z_index=\u00bb\u00bb][vc_column][vc_empty_space height=\u00bb30px\u00bb][vc_row_inner row_type=\u00bbrow\u00bb type=\u00bbgrid\u00bb text_align=\u00bbleft\u00bb css_animation=\u00bb\u00bb][vc_column_inner width=\u00bb3\/5&#8243;][vc_empty_space height=\u00bb10px\u00bb][custom_font font_family=\u00bbRoboto Mono Perfection\u00bb font_size=\u00bb30&#8243; line_height=\u00bb70&#8243; font_style=\u00bbnormal\u00bb text_align=\u00bbleft\u00bb font_weight=\u00bb900&#8243; text_decoration=\u00bbnone\u00bb text_shadow=\u00bbyes\u00bb padding=\u00bb100&#8243; color=\u00bb#366079&#8243;]<span style=\"color: #366079;\"><strong>\u00bfQUIERES que tus trabajadores\/as se acrediten?<\/strong><\/span>[\/custom_font][vc_column_text]Los Procedimientos de Evaluaci\u00f3n y Acreditaci\u00f3n de Competencias (PEAC) permiten a trabajadores\/as y profesionales de todos los sectores de actividad acreditar oficialmente la experiencia laboral adquirida a lo largo de su vida profesional, sin necesidad de realizar cursos de formaci\u00f3n adicionales. Estos procesos favorecen el reconocimiento y proyecci\u00f3n profesional, siendo muy beneficiosos tambi\u00e9n para las empresas que los impulsan.[\/vc_column_text][custom_font font_family=\u00bbRoboto Mono Perfection\u00bb font_size=\u00bb30&#8243; line_height=\u00bb70&#8243; font_style=\u00bbnormal\u00bb text_align=\u00bbleft\u00bb font_weight=\u00bb900&#8243; text_decoration=\u00bbnone\u00bb text_shadow=\u00bbyes\u00bb padding=\u00bb100&#8243; color=\u00bb#366079&#8243;]<span style=\"color: #366079;\"><strong>\u00bfQU\u00c9 beneficios se obtienen?<\/strong><\/span>[\/custom_font][vc_column_text]<\/p>\n<ul>\n<li>Aumentar la competitividad empresarial. Mejorar la organizaci\u00f3n de la empresa, adecuando los perfiles a cada puesto de trabajo en base a la calificaci\u00f3n demostrada por cada persona trabajadora.<\/li>\n<li>Desarrollo de la carrera profesional de las personas trabajadoras. Mejora profesional del capital humano.<\/li>\n<li>Mayor adaptaci\u00f3n de la formaci\u00f3n y la mejora de las competencias profesionales a las necesidades del mercado de trabajo.<\/li>\n<\/ul>\n<p>[\/vc_column_text][custom_font font_family=\u00bbRoboto Mono Perfection\u00bb font_size=\u00bb30&#8243; line_height=\u00bb70&#8243; font_style=\u00bbnormal\u00bb text_align=\u00bbleft\u00bb font_weight=\u00bb900&#8243; text_decoration=\u00bbnone\u00bb text_shadow=\u00bbyes\u00bb padding=\u00bb100&#8243; color=\u00bb#366079&#8243;]<strong><span style=\"color: #366079;\">\u00bfQU\u00c9 Servicios te ofrece CEPYME Arag\u00f3n?<\/span><\/strong>[\/custom_font][vc_column_text]<\/p>\n<ul>\n<li>Impulsar y promover convocatorias para las ocupaciones y sectores que lo demanden.<\/li>\n<li>Personal orientador cualificado.<\/li>\n<li>Informaci\u00f3n y asesoramiento sobre las actuaciones a realizar.<\/li>\n<li>Colaboraci\u00f3n permanente con la empresa en cada fase del procedimiento, en coordinaci\u00f3n\u00a0con la Agencia de las Cualificaciones Profesionales en Arag\u00f3n.<\/li>\n<\/ul>\n<p>[\/vc_column_text][vc_empty_space height=\u00bb40px\u00bb][vc_single_image image=\u00bb817&#8243; img_size=\u00bbfull\u00bb qode_css_animation=\u00bb\u00bb][\/vc_column_inner][vc_column_inner width=\u00bb2\/5&#8243; css=\u00bb.vc_custom_1623261804650{background-color: #ffffff !important;}\u00bb][custom_font font_family=\u00bbRoboto Mono Perfection\u00bb font_size=\u00bb30&#8243; line_height=\u00bb30&#8243; font_style=\u00bbnormal\u00bb text_align=\u00bbleft\u00bb font_weight=\u00bb900&#8243; text_decoration=\u00bbnone\u00bb text_shadow=\u00bbyes\u00bb padding=\u00bb100&#8243; color=\u00bb#ffffff\u00bb]<span style=\"color: #366079;\"><strong>\u00bfQUIERES m\u00e1s informaci\u00f3n?<\/strong><\/span>[\/custom_font][vc_empty_space height=\u00bb20px\u00bb][vc_column_text]Si eres empresa y est\u00e1s interesado\/a en acreditar a tus trabajadores\/as, contacta con nosotros a trav\u00e9s del siguiente formulario y nos pondremos contacto lo antes posible.[\/vc_column_text][vc_empty_space height=\u00bb20px\u00bb][contact-form-7 id=\u00bb896&#8243; html_class=\u00bbcf7_custom_style_2&#8243;][vc_column_text]<strong>DATOS DE CAR\u00c1CTER PERSONAL<br \/>\n<\/strong><strong>RESPONSABLE:<\/strong>\u00a0CEPYME Arag\u00f3n.<br \/>\nDirecci\u00f3n postal: Pza Roma, F1 oficinas, 2\u00aa planta (50010 \u2013 ZARAGOZA).<br \/>\nTel\u00e9fono: 976766060.<br \/>\nCorreo electr\u00f3nico:\u00a0<a class=\"textosmini\" href=\"mailto:cepyme@cepymearagon.es\">cepyme@cepymearagon.es<br \/>\n<\/a><strong>En nombre CEPYME Arag\u00f3n tratamos la informaci\u00f3n que nos facilita con el fin de prestarles el servicio solicitado e informarles sobre el mismo y realizar, en su caso, la facturaci\u00f3n. Los datos proporcionados se conservar\u00e1n mientras se mantenga la relaci\u00f3n de servicio o comercial, o durante los a\u00f1os necesarios para cumplir con las obligaciones legales. Los datos no se ceder\u00e1n a terceros salvo en los casos en que exis<\/strong><strong>ta una obligaci\u00f3n legal. Usted tiene derecho a obtener confirmaci\u00f3n sobre si en CEPYME Arag\u00f3n estamos tratando sus datos personales, por tanto tiene derecho a acceder a sus datos personales, rectificar los datos inexactos o solicitar su supresi\u00f3n cuando los datos ya no sean necesarios.<\/strong><strong><br \/>\n<\/strong><strong>DERECHOS:<\/strong>\u00a0Puede ejercer su derecho de acceso, rectificaci\u00f3n, supresi\u00f3n, portabilidad de sus datos y la limitaci\u00f3n u oposici\u00f3n mediante escrito en la direcci\u00f3n del responsable arriba referenciada, dirigida al Departamento Jur\u00eddico.<\/p>\n<p><strong><a class=\"textosmini\" href=\"http:\/\/www.cepymearagon.es\/?page_id=164\" target=\"_blank\" rel=\"noopener noreferrer\"><em>M\u00e1s informaci\u00f3n.<\/em><\/a><\/strong>[\/vc_column_text][vc_empty_space height=\u00bb20px\u00bb][\/vc_column_inner][\/vc_row_inner][\/vc_column][\/vc_row][vc_row css_animation=\u00bb\u00bb row_type=\u00bbrow\u00bb use_row_as_full_screen_section=\u00bbno\u00bb type=\u00bbfull_width\u00bb angled_section=\u00bbno\u00bb text_align=\u00bbleft\u00bb background_image_as_pattern=\u00bbwithout_pattern\u00bb][vc_column][vc_empty_space height=\u00bb20px\u00bb][vc_raw_html css=\u00bb.vc_custom_1623262371361{background-color: #366079 !important;}\u00bb]JTNDYmxvY2txdW90ZSUzRSUzQ3AlMjBhbGlnbiUzRCUyMmNlbnRlciUyMiUyMHN0eWxlJTNEJTIyY29sb3IlM0ElMjNmZmZmZmYlMjIlM0UlM0NCJTNFQ0VQWU1FJTIwQXJhZyVDMyVCM24lM0MlMkZCJTNFJTIwLSUyMCUwQVBsYXphJTIwUm9tYSUyMEYtMSUyMCUyOG9maWNpbmFzJTI5JTIwMiVDMiVBQSUyMFBsYW50YS4lMjA1MDAxMCUyMC0lMjBaYXJhZ296YSUyNm5ic3AlM0IlMjZuYnNwJTNCJTNDYSUyMGhyZWYlM0QlMjJodHRwcyUzQSUyRiUyRnR3aXR0ZXIuY29tJTJGJTQwY2VweW1lYXJhZ29uJTIyJTNFJTNDaW1nJTIwaWQlM0QlMjJfeDAwMDBfaTEwMjUlMjIlMjBzcmMlM0QlMjJodHRwJTNBJTJGJTJGYnVzY29lbXBsZW8uY2VweW1lYXJhZ29uLmVzJTJGd3AtY29udGVudCUyRnVwbG9hZHMlMkYyMDIwJTJGMDElMkZSU19UV19CbGFuY28ucG5nJTIyJTIwd2lkdGglM0QlMjI0MCUyMiUyMGJvcmRlciUzRCUyMjAlMjIlMjB2YWxpZ24lM0QlMjJib3R0b20lMjIlM0UlM0MlMkZhJTNFJTI2bmJzcCUzQiUyNm5ic3AlM0IlMjZuYnNwJTNCJTBBJTNDYSUyMGhyZWYlM0QlMjJodHRwcyUzQSUyRiUyRnd3dy5mYWNlYm9vay5jb20lMkZDZXB5bWVBcmFnb24lMjIlM0UlM0NpbWclMjBpZCUzRCUyMl94MDAwMF9pMTAyNiUyMiUyMHNyYyUzRCUyMmh0dHAlM0ElMkYlMkZidXNjb2VtcGxlby5jZXB5bWVhcmFnb24uZXMlMkZ3cC1jb250ZW50JTJGdXBsb2FkcyUyRjIwMjAlMkYwMSUyRlJTX0ZCX0JsYW5jby5wbmclMjIlMjB3aWR0aCUzRCUyMjIwJTIyJTIwYm9yZGVyJTNEJTIyMCUyMiUyMHZhbGlnbiUzRCUyMmJvdHRvbSUyMiUzRSUzQyUyRmElM0UlMjZuYnNwJTNCJTI2bmJzcCUzQiUyNm5ic3AlM0IlMEElM0NhJTIwaHJlZiUzRCUyMmh0dHBzJTNBJTJGJTJGd3d3Lmluc3RhZ3JhbS5jb20lMkZjZXB5bWVhcmFnb24lMjIlM0UlM0NpbWclMjBpZCUzRCUyMl94MDAwMF9pMTAyNyUyMiUyMHNyYyUzRCUyMmh0dHAlM0ElMkYlMkZidXNjb2VtcGxlby5jZXB5bWVhcmFnb24uZXMlMkZ3cC1jb250ZW50JTJGdXBsb2FkcyUyRjIwMjAlMkYwMSUyRlJTX0lHX0JsYW5jby5wbmclMjIlMjB3aWR0aCUzRCUyMjM1JTIyJTIwYm9yZGVyJTNEJTIyMCUyMiUyMHZhbGlnbiUzRCUyMmJvdHRvbSUyMiUzRSUzQyUyRmElM0UlMjZuYnNwJTNCJTI2bmJzcCUzQiUwQSUzQ2ElMjBocmVmJTNEJTIyaHR0cHMlM0ElMkYlMkZ3d3cubGlua2VkaW4uY29tJTJGY29tcGFueSUyRmNvbmZlZGVyYWNpb24tcGVxdWUtYS15LW1lZGlhbmEtZW1wcmVzYS1hcmFnb25lc2ElMjIlM0UlM0NpbWclMjBpZCUzRCUyMl94MDAwMF9pMTAyNyUyMiUyMHNyYyUzRCUyMmh0dHAlM0ElMkYlMkZidXNjb2VtcGxlby5jZXB5bWVhcmFnb24uZXMlMkZ3cC1jb250ZW50JTJGdXBsb2FkcyUyRjIwMjAlMkYwMSUyRlJTX0lOX0JsYW5jby5wbmclMjIlMjB3aWR0aCUzRCUyMjM4JTIyJTIwYm9yZGVyJTNEJTIyMCUyMiUyMHZhbGlnbiUzRCUyMnRvcCUyMiUzRSUzQyUyRmElM0UlM0MlMkZwJTNFJTBBJTNDJTJGYmxvY2txdW90ZSUzRSUwQQ==[\/vc_raw_html][\/vc_column][\/vc_row]<\/p>\n","protected":false},"excerpt":{"rendered":"<p>[vc_row row_type=\u00bbparallax\u00bb parallax_content_width=\u00bbfull_width\u00bb text_align=\u00bbleft\u00bb background_image=\u00bb823&#8243; full_screen_section_height=\u00bbno\u00bb][vc_column][icons icon=\u00bbfa-home\u00bb size=\u00bbfa-3x\u00bb type=\u00bbcircle\u00bb position=\u00bbleft\u00bb link=\u00bbhttps:\/\/buscoempleo.cepymearagon.es\u00bb target=\u00bb_self\u00bb icon_color=\u00bb#366079&#8243; icon_hover_color=\u00bb#ffffff\u00bb background_color=\u00bb#ffffff\u00bb hover_background_color=\u00bb#1e73be\u00bb margin=\u00bb50&#8243;][vc_empty_space height=\u00bb120px\u00bb][vc_empty_space height=\u00bb120px\u00bb][vc_row_inner row_type=\u00bbrow\u00bb type=\u00bbgrid\u00bb text_align=\u00bbleft\u00bb css_animation=\u00bb\u00bb][vc_column_inner][vc_empty_space height=\u00bb400px\u00bb][\/vc_column_inner][\/vc_row_inner][\/vc_column][\/vc_row][vc_row css_animation=\u00bb\u00bb row_type=\u00bbrow\u00bb use_row_as_full_screen_section=\u00bbno\u00bb type=\u00bbgrid\u00bb angled_section=\u00bbno\u00bb text_align=\u00bbleft\u00bb background_image_as_pattern=\u00bbwithout_pattern\u00bb z_index=\u00bb\u00bb][vc_column][vc_empty_space height=\u00bb40px\u00bb][custom_font font_family=\u00bbRoboto Mono Perfection\u00bb font_size=\u00bb40&#8243; line_height=\u00bb40&#8243; font_style=\u00bbnormal\u00bb text_align=\u00bbleft\u00bb font_weight=\u00bb900&#8243; text_decoration=\u00bbnone\u00bb text_shadow=\u00bbyes\u00bb padding=\u00bb100&#8243; color=\u00bb#366079&#8243;]CEPYME Arag\u00f3n colabora a trav\u00e9s de un convenio con la Agencia [&hellip;]<\/p>\n","protected":false},"author":1,"featured_media":817,"parent":0,"menu_order":0,"comment_status":"closed","ping_status":"open","template":"landing_page.php","meta":{"footnotes":""},"class_list":["post-820","page","type-page","status-publish","has-post-thumbnail","hentry"],"jetpack_sharing_enabled":true,"_links":{"self":[{"href":"https:\/\/buscoempleo.cepymearagon.es\/index.php\/wp-json\/wp\/v2\/pages\/820","targetHints":{"allow":["GET"]}}],"collection":[{"href":"https:\/\/buscoempleo.cepymearagon.es\/index.php\/wp-json\/wp\/v2\/pages"}],"about":[{"href":"https:\/\/buscoempleo.cepymearagon.es\/index.php\/wp-json\/wp\/v2\/types\/page"}],"author":[{"embeddable":true,"href":"https:\/\/buscoempleo.cepymearagon.es\/index.php\/wp-json\/wp\/v2\/users\/1"}],"replies":[{"embeddable":true,"href":"https:\/\/buscoempleo.cepymearagon.es\/index.php\/wp-json\/wp\/v2\/comments?post=820"}],"version-history":[{"count":83,"href":"https:\/\/buscoempleo.cepymearagon.es\/index.php\/wp-json\/wp\/v2\/pages\/820\/revisions"}],"predecessor-version":[{"id":3509,"href":"https:\/\/buscoempleo.cepymearagon.es\/index.php\/wp-json\/wp\/v2\/pages\/820\/revisions\/3509"}],"wp:featuredmedia":[{"embeddable":true,"href":"https:\/\/buscoempleo.cepymearagon.es\/index.php\/wp-json\/wp\/v2\/media\/817"}],"wp:attachment":[{"href":"https:\/\/buscoempleo.cepymearagon.es\/index.php\/wp-json\/wp\/v2\/media?parent=820"}],"curies":[{"name":"wp","href":"https:\/\/api.w.org\/{rel}","templated":true}]}}